he highest common factor of 15236 and s?
52
Let s be (1 - (-4 + -3)) + 934. Let p = s - 884. Calculate the greatest common factor of 12 and p.
2
Let d(n) = 7*n**2 + 7*n + 11. Let b be d(-4). Suppose 707 - b = 36*p. Calculate the highest common divisor of 493 and p.
17
Suppose -2*y + 60 = y. Let n = 139 + -142. Let z be 13*2/6 - 2/n. Calculate the highest common factor of y and z.
5
Let k be (-2 - (-6)/(-2)) + (-22439)/(13 + -32). What is the greatest common divisor of 88 and k?
8
Let l be 1/(((-44)/72)/11). Let q = -13 - l. Suppose 4*i = 5*t - 51 - 33, -5*t + 5*i + 80 = 0. What is the greatest common factor of q and t?
5
Let s(a) = -a**3 + 3*a**2 - 4*a + 12. Let g be s(0). Suppose 0 = -3*w + g. Calculate the highest common factor of w and 60.
4
Let a be ((-34)/(-6) - 0)*3. Let j = -429 - -434. Suppose 278 = 2*f + 3*y, -y = j*f - 372 - 310. Calculate the greatest common factor of f and a.
17
Suppose 2*m - v = 3*m - 22, -8*m + 2*v + 116 = 0. What is the highest common factor of m and 488?
8
Let k = 119 - 562. Let g = k + 446. Calculate the greatest common divisor of 159 and g.
3
Suppose 5*s - 3081 - 4219 = 0. Suppose 2*v + 3*v + s = 4*r, r = 4*v + 376. Calculate the highest common divisor of 40 and r.
40
Let c be (-6)/(-14) + (-6)/14 - -2. Suppose -28 = -c*y + 102. Let d = 49 + -36. Calculate the greatest common divisor of d and y.
13
Let b(w) be the first derivative of -w**4/4 - w**3/3 + 6*w**2 + 24*w - 97. Let o be b(-3). Calculate the greatest common factor of 63 and o.
3
Let q be (-1)/4 + 16555/172. Let s be q/(-12)*-1*6. Calculate the greatest common divisor of s and 66.
6
Let y = -3317 - -3322. What is the greatest common factor of 25 and y?
5
Let h = -35376 - -21066. Let d be h/(-225)*5/2. What is the greatest common divisor of d and 212?
53
Suppose 2*f = 3*f. Let p be 3528/63 - (1 + f - 0). What is the highest common divisor of p and 22?
11
Suppose 2*h = -2*m + 40, -3*m + 11 = h + m. Let i = h - 20. Suppose 3*l - i*z - 48 = -7*z, -3*z = 0. Calculate the greatest common factor of 48 and l.
16
Let n(x) = x**3 - 2*x**2 - 2*x - 3. Let q be (-153)/(-34)*4*(-2)/(-12). Let c be n(q). Suppose -h + c + 7 = 0. What is the highest common factor of h and 28?
7
Let q(i) = -254*i**2 - 2039*i - 40. Let w be q(-8). Let b = 2 - 2. Suppose -5*x + 73 + 7 = b. Calculate the greatest common factor of w and x.
16
Let m(i) = 35*i**3 - 2*i**2 + 11*i - 10. Let a be m(1). What is the greatest common divisor of a and 782?
34
Let o(v) = 12*v + 10. Let d(f) = 35*f + 30. Let n = -55 + 61. Let m(k) = n*d(k) - 17*o(k). Let g be m(5). Calculate the greatest common factor of 8 and g.
8
Suppose 16 = 3*b - 2. Suppose -b*t + 4827 = -3*t. Suppose 3*r - t = -4*u - 536, 5*r = 5*u - 1385. Calculate the highest common factor of u and 34.
34
Let w(z) = 2*z + 172. Let g be w(42). Let a = -6 + 6. Suppose -2*d + 2*k + 140 = a, 4*d - g = -0*k - 2*k. Calculate the greatest common factor of d and 11.
11
Let u = 31 + -44. Let j be 64 - 0 - 65/u. What is the highest common factor of j and 552?
69
Let j(q) = 38*q**3 - 6*q**2 - 8*q + 16. Let x be j(3). Let h = -944 + x. What is the greatest common divisor of h and 470?
10
Let b be ((-130)/(-15))/(4/3)*10. Suppose 0 = w - 5*g - 264, 3*g = 8*g - 35. What is the highest common divisor of b and w?
13
Let v(s) = 95*s + 684. Let w be v(41). Calculate the greatest common divisor of 19 and w.
19
Let s = 83 - 2. Let h = 6338 + -6329. Calculate the highest common factor of h and s.
9
Let t(a) = 287 - 2*a - 9*a - 290 + 8*a**2 + a**3. Let u be t(-9). Calculate the highest common divisor of u and 15.
15
Let c(q) be the third derivative of -q**4/8 - 5*q**3/6 - 2*q**2 + 31. Let h = 1 + -8. Let d be c(h). Calculate the greatest common factor of 4 and d.
4
Let l(p) = -p**3 - p**2 + p + 2121. Let z be l(0). What is the greatest common factor of 63 and z?
21
Let p(w) be the first derivative of w**2 - w - 6. Let a be p(4). Suppose -7*r + 82 = 75. Calculate the highest common divisor of a and r.
1
Let x = 1130 - 715. Calculate the highest common divisor of 5 and x.
5
Suppose -4*l = 7*k - 6*k - 146, -3*k + 378 = 2*l. What is the highest common divisor of k and 16958?
122
Suppose 0 = -2*m + 2 + 88. Let j = m + -33. Let n be (4 - 1)/((-5)/(-3500)*j). Calculate the highest common factor of n and 7.
7
Suppose 3*s = -15*s - 1530. Let q be (-714)/s + 4/(-10). Calculate the highest common divisor of q and 24.
8
Let n be (-100)/(-250) - 45294/(-15). Calculate the greatest common divisor of n and 40.
20
Let j(l) = 38*l - 37. Let q be j(9). Suppose 0 = -u + k + 99, q = u + 2*u - 5*k. Calculate the highest common divisor of u and 19.
19
Suppose 108 = 3*w - 6. Let k = -1133 + 1171. What is the greatest common divisor of k and w?
38
Let k = -62 + 96. Suppose -39*z - 4*w = -7384 - 9878, -2*w + 896 = 2*z. What is the highest common divisor of k and z?
34
Let y be (0 - 2)*27*10/60. Let m be -6 + (-9)/(y/8). Suppose d + 1 - 2 = 0. What is the greatest common divisor of m and d?
1
Let t be (-118111)/(-63) + 4 - 4/(-18). Suppose t*q = 1874*q + 210. Calculate the greatest common divisor of q and 189.
21
Let g = -154 - -169. Suppose g*r - 427 - 1193 = 0. Calculate the greatest common divisor of 27 and r.
27
Let c(x) = 2*x - 14. Let f be c(8). Suppose 0 = -4*w + f*q - 31 - 5, 37 = -3*w - q. Let n = -3 - w. What is the highest common factor of 2 and n?
2
Let p be (12/(-8))/((-6)/16). Suppose -2*n - 309 = -5*g - 55, -5*g = -3*n - 251. Suppose -140 = -p*a - g. What is the greatest common divisor of a and 11?
11
Let f = 137 - 33. Suppose 1520*j + 1072 = 1654*j. Calculate the highest common divisor of f and j.
8
Let t = -11529 + 12201. What is the greatest common divisor of 1302 and t?
42
Suppose o - 1 = -3, 3*o = -4*z - 22. Let c(s) = -s**2 - 13*s - 23. Let d be c(z). Calculate the greatest common factor of d and 13.
13
Let s(y) = y**3 + 9*y**2 - 37*y - 11. Let h be s(-12). Let j be (200/(-60))/(h/27*-2). What is the greatest common factor of j and 9?
9
Suppose -47*p + 24062 = -2258. Let h = 8 + 5. Suppose -p = 11*f - h*f. Calculate the greatest common divisor of 40 and f.
40
Let v be (-3)/6 + 60/8. Suppose 6*u - 31 = -v. Let x be 40/(-3)*(-6)/5. What is the greatest common divisor of x and u?
4
Suppose 4*q = 44*q - 23120. What is the highest common divisor of q and 4?
2
Suppose -3*m = 6*m - 63. Suppose -143 - 172 = -m*d. What is the greatest common factor of 25 and d?
5
Let h be (-20)/15*(-36)/16. Suppose -h*b + b = -10. Suppose 3*f - 145 = -4*r - 2*f, 0 = b*r - f - 203. Calculate the greatest common factor of r and 20.
20
Let p(c) = -4*c + 27. Let n be p(7). Let f be 2/n - 72/(-12). Let d = -1 - -2. What is the highest common divisor of f and d?
1
Suppose 337*m - 487080 = 117*m. Calculate the highest common divisor of 594 and m.
54
Let c = 13148 + -13070. Calculate the greatest common factor of c and 22776.
78
Let b be 15/50*(-10)/(-6)*-6. Let g be b - (-1 + (-3)/((-6)/(-298))). Let q = -37 - -58. Calculate the highest common factor of q and g.
21
Let a be -2 + (567/28)/9 - 14421/(-44). Suppose -3*f - 82 = -5*f. Calculate the highest common factor of a and f.
41
Suppose 4951 = 25*l - 3149. What is the highest common factor of l and 7857?
81
Let n(f) = f**3 + 4*f**2 + f + 5. Let l = -213 - -210. Let c be n(l). Suppose 6*k - 110 = k. Calculate the highest common factor of k and c.
11
Suppose 14 = 3*a + 5*y - 8, 2*y = 5*a - 47. Suppose -5*d = -a*d + 140. Calculate the highest common factor of d and 280.
35
Let m be 3 + 1 - 6*15/(-10). Suppose 4*w - n + 4*n = -1480, 4*n - 1508 = 4*w. Let a = w - -581. Calculate the greatest common factor of m and a.
13
Let p = 185 + -186. Let y be -15 + 16 - (-18 - p). What is the greatest common factor of y and 63?
9
Let q = -1281 + 1402. What is the greatest common divisor of 550 and q?
11
Let v(i) = -14*i - 3. Let w be v(-6). Let k be -2 - (-5 - 252/6). Suppose 72*b - 77*b + k = 0. Calculate the greatest common factor of w and b.
9
Suppose 3*g = d + 2*d + 111, 5*d = 4*g - 182. Let z be (d/14 - -2) + 2800/245. Let a be 1/3 + (-4)/(-6). What is the greatest common factor of z and a?
1
Let n(b) = -1861*b + 11235. Let g be n(6). What is the highest common divisor of g and 3611?
23
Suppose 0 = -3*a, 4*k - 4438 = 4*a - 6*a + 9738. What is the greatest c